at is the remainder when 2383129 is divided by 42551?
273
Calculate the remainder when 6751069 is divided by 42459.
88
What is the remainder when 204821 is divided by 4586?
3037
Calculate the remainder when 50056 is divided by 654.
352
Calculate the remainder when 749263 is divided by 1121.
435
Calculate the remainder when 325728 is divided by 227.
210
Calculate the remainder when 12747 is divided by 12324.
423
What is the remainder when 4578720 is divided by 993?
990
What is the remainder when 5426453 is divided by 258?
197
What is the remainder when 17105982 is divided by 1263?
1173
Calculate the remainder when 7726234 is divided by 6.
4
What is the remainder when 369581120 is divided by 7863428?
4
What is the remainder when 387213 is divided by 911?
38
What is the remainder when 510856 is divided by 91?
73
Calculate the remainder when 574305 is divided by 162.
15
What is the remainder when 468818 is divided by 15627?
8
What is the remainder when 1126431 is divided by 62579?
9
Calculate the remainder when 647403645 is divided by 109.
107
Calculate the remainder when 16475535 is divided by 22.
21
What is the remainder when 147803457 is divided by 73901726?
5
What is the remainder when 7527519 is divided by 7?
6
What is the remainder when 137097474 is divided by 1794?
1788
What is the remainder when 3867 is divided by 253?
72
What is the remainder when 51134174 is divided by 2193?
2186
Calculate the remainder when 98088 is divided by 267.
99
Calculate the remainder when 526856 is divided by 30.
26
What is the remainder when 47979896 is divided by 90?
86
What is the remainder when 3794404 is divided by 6?
4
What is the remainder when 53795663 is divided by 35?
33
Calculate the remainder when 9340052 is divided by 36.
32
What is the remainder when 24577 is divided by 3441?
490
What is the remainder when 392632 is divided by 1340?
12
What is the remainder when 607874 is divided by 3655?
1144
Calculate the remainder when 7381640 is divided by 58.
38
What is the remainder when 8804334 is divided by 1528?
1526
What is the remainder when 1790121 is divided by 8484?
8481
Calculate the remainder when 192296 is divided by 614.
114
What is the remainder when 505057 is divided by 390?
7
Calculate the remainder when 637808 is divided by 318844.
120
What is the remainder when 1815100 is divided by 4438?
4396
Calculate the remainder when 8837318 is divided by 327308.
2
What is the remainder when 20958144 is divided by 192?
0
What is the remainder when 4136530 is divided by 2059?
2058
What is the remainder when 8243125 is divided by 2747707?
4
Calculate the remainder when 437608 is divided by 435917.
1691
What is the remainder when 12568565 is divided by 37?
35
What is the remainder when 65819 is divided by 6500?
819
Calculate the remainder when 5600782 is divided by 87.
70
What is the remainder when 94405355 is divided by 942?
941
What is the remainder when 6250 is divided by 1843?
721
What is the remainder when 3593740 is divided by 61?
47
What is the remainder when 18559122 is divided by 1833?
1830
Calculate the remainder when 3673855 is divided by 19.
15
What is the remainder when 2911964 is divided by 2011?
36
What is the remainder when 208268 is divided by 34678?
200
What is the remainder when 111380 is divided by 514?
356
Calculate the remainder when 61130 is divided by 1978.
1790
What is the remainder when 215864 is divided by 1075?
864
What is the remainder when 859993 is divided by 4257?
79
What is the remainder when 5065541 is divided by 4913?
238
What is the remainder when 3104422 is divided by 19163?
16
What is the remainder when 1026657 is divided by 832?
801
What is the remainder when 1969842 is divided by 13308?
258
What is the remainder when 17777 is divided by 1226?
613
Calculate the remainder when 490932 is divided by 15836.
16
Calculate the remainder when 207668305 is divided by 4409.
4405
Calculate the remainder when 444715149 is divided by 155.
154
Calculate the remainder when 1492806 is divided by 746398.
10
Calculate the remainder when 345600 is divided by 160.
0
What is the remainder when 65489560 is divided by 19?
18
What is the remainder when 43222 is divided by 899?
70
What is the remainder when 747689687 is divided by 11?
8
What is the remainder when 85529667 is divided by 17105930?
17
Calculate the remainder when 20528658 is divided by 14876.
14654
Calculate the remainder when 3188678 is divided by 3188678.
0
Calculate the remainder when 28512 is divided by 3572.
3508
Calculate the remainder when 115279 is divided by 2175.
4
Calculate the remainder when 37615204 is divided by 856.
852
What is the remainder when 2617738 is divided by 872578?
4
Calculate the remainder when 1709121 is divided by 6.
3
What is the remainder when 1440903 is divided by 75836?
19
Calculate the remainder when 38279203 is divided by 1933.
4
Calculate the remainder when 800692 is divided by 22.
2
What is the remainder when 12563 is divided by 59?
55
What is the remainder when 16752 is divided by 16556?
196
Calculate the remainder when 349734 is divided by 888.
750
Calculate the remainder when 111502329 is divided by 76.
69
Calculate the remainder when 351108 is divided by 231.
219
Calculate the remainder when 641083 is divided by 2068.
3
What is the remainder when 376813 is divided by 395?
378
Calculate the remainder when 16758854 is divided by 125.
104
Calculate the remainder when 151714212 is divided by 809.
15
Calculate the remainder when 21118 is divided by 3332.
1126
Calculate the remainder when 161569032 is divided by 38.
24
Calculate the remainder when 168698 is divided by 7028.
26
Calculate the remainder when 7836391 is divided by 1933.
9
Calculate the remainder when 12134 is divided by 704.
166
Calculate the remainder when 219714 is divided by 36542.
462
What is the remainder when 30940 is divided by 988?
312
What is the remainder when 137276197 is divided by 58?
57
Calculate the remainder when 25842093 is divided by 285.
3
Calculate the remainder when 457366904 is divided by 110.
104
Calculate the remainder when 605697 is divided by 195.
27
What is the remainder when 4472954015 is divided by 2328?
2327
Calculate the remainder when 23394140 is divided by 4065.
65
What is the remainder when 70601415 is divided by 1961150?
15
Calculate the remainder when 20487730 is divided by 931260.
10
What is the remainder when 15127117 is divided by 5034?
4981
Calculate the remainder when 36507 is divided by 22770.
13737
What is the remainder when 66748950 is divided by 65?
60
Calculate the remainder when 22764094 is divided by 68.
6
What is the remainder when 2587556 is divided by 680?
156
What is the remainder when 120818 is divided by 11340?
7418
What is the remainder when 378837 is divided by 16390?
1867
Calculate the remainder when 1410430 is divided by 72.
22
What is the remainder when 542347 is divided by 2001?
76
What is the remainder when 7189557 is divided by 553042?
11
Calculate the remainder when 10979404 is divided by 10979375.
29
What is the remainder when 17239107 is divided by 941?
928
Calculate the remainder when 83612845 is divided by 531.
523
What is the remainder when 12164237 is divided by 81639?
26
Calculate the remainder when 111647 is divided by 119.
25
Calculate the remainder when 2626640 is divided by 93803.
156
Calculate the remainder when 6223888 is divided by 97248.
16
What is the remainder when 281096 is divided by 10660?
3936
What is the remainder when 793194 is divided by 11417?
5421
What is the remainder when 3709045 is divided by 4792?
37
Calculate the remainder when 6230037 is divided by 772.
769
What is the remainder when 76084083 is divided by 2483?
2480
Calculate the remainder when 81236589 is divided by 463.
461
What is the remainder when 1440597 is divided by 1137?
18
What is the remainder when 4750552 is divided by 90?
82
What is the remainder when 40895552 is divided by 786?
758
What is the remainder when 101337926 is divided by 120?
86
Calculate the remainder when 109546732 is divided by 23.
9
What is the remainder when 706266 is divided by 21401?
33
What is the remainder when 2169095 is divided by 58?
11
Calculate the remainder when 119958 is divided by 53450.
13058
What is the remainder when 94309 is divided by 78